{"id":3,"date":"2023-07-24T22:34:30","date_gmt":"2023-07-25T01:34:30","guid":{"rendered":"https:\/\/favarossi.com.br\/loja\/?page_id=3"},"modified":"2023-08-23T23:15:29","modified_gmt":"2023-08-24T02:15:29","slug":"politica-de-privacidade","status":"publish","type":"page","link":"https:\/\/favarossi.com.br\/loja\/politica-de-privacidade\/","title":{"rendered":"Pol\u00edtica de Privacidade"},"content":{"rendered":"\r\n<p>\u00c9tica, integridade e respeito s\u00e3o os pilares em que a Favarossi sustenta o comprometimento aos clientes, oferecendo um servi\u00e7o com total seguran\u00e7a.\u00a0<\/p>\r\n<p>&#8211; Todas as informa\u00e7\u00f5es passadas pelos clientes s\u00e3o de uso \u00fanico e exclusivo da Favarossi, com a inten\u00e7\u00e3o de atender aos clientes da melhor maneira poss\u00edvel, garantindo agilidade e usabilidade no atendimento, processos de entrega e informa\u00e7\u00f5es aos clientes.<\/p>\r\n<p>&#8211; A Favarossi compromete-se em n\u00e3o fornecer nenhum dado de clientes, como e-mail, endere\u00e7o ou dados pessoais \u00e0 nenhuma pessoa f\u00edsica ou jur\u00eddica.<\/p>\r\n<p>&#8211; Respeitamos sua opini\u00e3o. No momento do cadastro o cliente pode optar por receber ou n\u00e3o nossa newsletter, bem como e-mails promocionais. Entretanto, a qualquer momento o cliente pode optar em n\u00e3o receber mais os e-mails com ofertas e novidades. Por\u00e9m n\u00e3o esque\u00e7a que apenas os clientes cadastrados receber\u00e3o promo\u00e7\u00f5es exclusivas.<\/p>\r\n<p>&#8211; Nossa p\u00e1gina est\u00e1 hospedada em servidores 100% seguros, os dados s\u00e3o criptografados, impossibilitando a intercepta\u00e7\u00e3o destes dados tornando a compra completamente segura.<\/p>\r\n<p>&#8211; A qualquer momento voc\u00ea pode acessar e modificar os seus dados. Ao se cadastrar no site, \u00e9 necess\u00e1rio que voc\u00ea determine uma senha. \u00c9 fundamental que esta senha esteja em m\u00e3os\u00a0na hora do cadastro. Caso o cliente esque\u00e7a a senha, o nosso sistema enviar\u00e1 uma senha nova, e o mesmo poder\u00e1 acessar o seu cadastro e modifica-la, novamente.<\/p>\r\n<p>A Favarossi se reserva no direito de alterar a pol\u00edtica de privacidade a qualquer momento com a devida comunica\u00e7\u00e3o aqui no site. Ao utilizar os nossos servi\u00e7os, o usu\u00e1rio concorda e aceita os termos da pol\u00edtica de privacidade vigente.<\/p>\r\n","protected":false},"excerpt":{"rendered":"<p>\u00c9tica, integridade e respeito s\u00e3o os pilares em que a Favarossi sustenta o comprometimento aos clientes, oferecendo um servi\u00e7o com total seguran\u00e7a.\u00a0 &#8211; Todas as informa\u00e7\u00f5es passadas pelos clientes s\u00e3o de uso \u00fanico e exclusivo da Favarossi, com a inten\u00e7\u00e3o de atender aos clientes da melhor maneira poss\u00edvel, garantindo agilidade e usabilidade no atendimento, processos [&#8230;]\n","protected":false},"author":1,"featured_media":0,"parent":0,"menu_order":0,"comment_status":"closed","ping_status":"open","template":"","meta":{"footnotes":""},"class_list":["post-3","page","type-page","status-publish","hentry"],"_links":{"self":[{"href":"https:\/\/favarossi.com.br\/loja\/wp-json\/wp\/v2\/pages\/3","targetHints":{"allow":["GET"]}}],"collection":[{"href":"https:\/\/favarossi.com.br\/loja\/wp-json\/wp\/v2\/pages"}],"about":[{"href":"https:\/\/favarossi.com.br\/loja\/wp-json\/wp\/v2\/types\/page"}],"author":[{"embeddable":true,"href":"https:\/\/favarossi.com.br\/loja\/wp-json\/wp\/v2\/users\/1"}],"replies":[{"embeddable":true,"href":"https:\/\/favarossi.com.br\/loja\/wp-json\/wp\/v2\/comments?post=3"}],"version-history":[{"count":3,"href":"https:\/\/favarossi.com.br\/loja\/wp-json\/wp\/v2\/pages\/3\/revisions"}],"predecessor-version":[{"id":412,"href":"https:\/\/favarossi.com.br\/loja\/wp-json\/wp\/v2\/pages\/3\/revisions\/412"}],"wp:attachment":[{"href":"https:\/\/favarossi.com.br\/loja\/wp-json\/wp\/v2\/media?parent=3"}],"curies":[{"name":"wp","href":"https:\/\/api.w.org\/{rel}","templated":true}]}}